 Let c be ((-1)/2)/((-2)/68). Calculate the highest common divisor of n and c.
17
Suppose 80*j = 304*j - 4032. What is the greatest common divisor of j and 9738?
18
Suppose -10*x + 3033 = -5*x - 2*w, -3021 = -5*x - w. What is the greatest common divisor of x and 1485?
55
Let g = 4322 + -1802. What is the highest common divisor of 126 and g?
126
Let p be 3/15*2 - (-1290)/25. Suppose -p + 358 = 6*x. What is the highest common divisor of 3 and x?
3
Let z = -3309427 + 3309443. Suppose 2*g - 16 = 4*g. Let b be (-575)/(-4) + (-2)/g. Calculate the greatest common factor of z and b.
16
Suppose 143*p - 145*p + s + 173 = 0, -5*s + 227 = 3*p. What is the greatest common divisor of p and 1456?
28
Let s = 3093 + -2742. Calculate the greatest common divisor of 216 and s.
27
Let g = -2179 + 3364. What is the highest common factor of g and 15?
15
Suppose 0 = -4*a + 3*b + 13507, -23*a + b = -27*a + 13519. Calculate the greatest common factor of 217 and a.
31
Let m(a) = -6*a**3 + 2*a**2 - 28*a - 56. Let s be (-34)/30 + -1 + 26/195. Let p be m(s). Calculate the highest common factor of p and 224.
56
Let t be (57/(-95))/(2/(-300)). What is the highest common factor of t and 2430?
90
Let i(r) = 28*r**2 - 47*r + 234. Let k be i(-13). What is the highest common divisor of k and 33?
33
Suppose 0*d - 3*d = -3*s - 48, 20 = d + 3*s. Suppose 0 = 4*o + 16, -h + 3*o + 1100 = 3*h. Calculate the greatest common divisor of d and h.
17
Let q = -2026 + 2069. What is the highest common factor of 1 and q?
1
Let v = 7014 + -7002. What is the highest common factor of 120 and v?
12
Let p be ((-556)/(-31) - (-208)/3224)*(1 - -2). What is the greatest common factor of 22626 and p?
54
Let t = -3934 + 3937. What is the highest common divisor of 168 and t?
3
Let m(q) = q**2 + 365*q - 5243. Let o be m(14). Calculate the greatest common divisor of 90 and o.
9
Let p(r) = 624*r - 6578. Let j be p(17). Calculate the highest common factor of j and 1170.
130
Suppose 4*k - 21 = k. Suppose 0*r = -o + 2*r - k, 2*o - r = -11. Let m be 1/o - 51/(-5). What is the greatest common factor of 70 and m?
10
Suppose -11766 = -14*c - 3926. Calculate the highest common factor of 1232 and c.
112
Let q = -881 + 890. Let y be 180/(-48)*24/(-5). What is the greatest common divisor of q and y?
9
Let o(a) = -2 - 36*a**2 - 31*a**2 + 82*a**2 - a**3 - 28*a**2 - a. Let d be o(-13). Suppose -2*v = -5 - 17. Calculate the greatest common factor of v and d.
11
Suppose 3*l + 2*l - 140 = 0. Let f = 17690 + -17046. Calculate the greatest common factor of f and l.
28
Let x(v) = v**3 + 25*v**2 - 39*v - 143. Let b be x(-27). Let n = b + 567. Calculate the highest common divisor of 152 and n.
19
Suppose 10529 = 14*i - 16981. What is the greatest common divisor of i and 131?
131
Let y be (-143500)/(-84)*(-27)/(-15). Calculate the highest common divisor of y and 150.
75
Suppose 19*t = 14*t + 15. Let d be (-10 - -8)*(-240)/t. Calculate the greatest common divisor of d and 64.
32
Suppose 2*d + l - 91 = 2*l, 0 = 4*d + 5*l - 161. Let x = 61 - d. Calculate the highest common factor of 289 and x.
17
Let g = 8792 + -8778. What is the highest common factor of g and 12348?
14
Let u be ((0 - -6) + 2)/(1 - (-27)/(-36)). What is the highest common divisor of 148 and u?
4
Let z(y) = 11*y**2 + 49*y - 442. Let l be z(12). Calculate the greatest common divisor of l and 80.
10
Let h(w) = -w**2 - 18*w - 62. Let k be h(-8). Suppose -k + 354 = 7*g. What is the greatest common divisor of 80 and g?
16
Let z(k) = -82*k + 740. Let w be z(9). Calculate the greatest common factor of 72 and w.
2
Let u(i) = i**3 + 14*i**2 - 22*i + 22. Suppose 0 = 5*y + 5*j + 90, -4*j = -16*y + 14*y - 12. Let r be u(y). Calculate the greatest common factor of 6 and r.
6
Let q = -502 + 527. Let a be (-176)/(-2) - (-126)/(-42). What is the greatest common divisor of q and a?
5
Let c be (-24)/40*-15 + 103. Let t(v) = -v**3 - 6*v**2 - 2*v + 2. Let y be t(-6). What is the greatest common factor of c and y?
14
Let c be 176/6*48/112*63. What is the greatest common factor of 468 and c?
36
Suppose 3*j + 2583 = 4*a, 6*a + 8*j - 3*j = 3903. What is the highest common factor of a and 40?
8
Let f(i) = -104*i + 4. Let b be f(-1). Let h = b + -94. What is the greatest common factor of 182 and h?
14
Let z(t) = 2*t**3 + 9*t**2 + 3*t - 4. Let b be z(-6). Let l = 178 + b. Calculate the highest common divisor of 16 and l.
16
Suppose -56*c + 41550 = -283448 - 133754. What is the highest common divisor of c and 16?
16
Let u(w) = -w**3 + 9*w**2 + 2*w - 8. Let s be u(-6). Suppose 46*q - 82*q = -2340. What is the highest common factor of s and q?
65
Suppose -r + 3 = -0*r. Suppose d = -6 + 2, r*d - 22 = b. Let v = 76 + b. What is the greatest common divisor of 14 and v?
14
Let p be (-144)/(-20) - 1/5. Let x = -275 + 296. Calculate the greatest common divisor of x and p.
7
Let f be 107 - (-3 - 6/(-12)*10). Suppose -22*u + 269 = -f. Suppose 0 = -5*h + 5*q + 228 + 217, 3*h = 2*q + 263. What is the greatest common divisor of h and u?
17
Let h = 538 + -518. Let v(t) = -t**2 + 22*t - 16. Let a be v(h). What is the highest common factor of a and 96?
24
Suppose 5005 + 1779 = -8*h. Let i = -443 - h. What is the greatest common factor of i and 45?
45
Let j(w) = -w**2. Suppose 0*n - 6*n = -12. Let g(o) = -331*o**2 + 1. Let l(v) = n*j(v) - g(v). Let y be l(-1). Calculate the greatest common factor of y and 41.
41
Let q(p) = p**3 + 21*p**2 - 28*p - 80. Let d be q(-22). Calculate the highest common divisor of 3081 and d.
13
Let j be 17268/20 + 4 + -2 + 4/(-10). Calculate the greatest common factor of j and 10.
5
Let o(w) = 4*w + 112. Suppose 43*p - 102 = 37*p. Let t be o(p). What is the highest common divisor of 108 and t?
36
Let h(f) = 6*f - 6. Let i be h(6). Suppose s = 4*z - 53, -z - i = 5*s - 17. Calculate the highest common factor of 15 and z.
3
Suppose u - 300 = 11*u. Let g = u - -32. Suppose 0 = g*t - 3*t + 28. Calculate the greatest common factor of 14 and t.
14
Let u = -2 + 77. Let l = u + -63. Calculate the highest common factor of 8 and l.
4
Let u be (12/8)/(((-54)/(-300))/((-24)/(-20))). What is the greatest common factor of u and 85?
5
Let k be (69/(-6) + 11)*-546. Calculate the highest common factor of 364 and k.
91
Let r be (-28)/(-5 + 1) - 5. Let j be (7 - r)/(30/6) - -31. What is the greatest common divisor of j and 2?
2
Suppose -3*o - 98 = -113. Suppose 3*u + 3*g - 39 = 0, -3*u + o*u + 5*g = 20. What is the greatest common divisor of u and 75?
15
Let h(s) = -s**3 + 15*s**2 - 14*s - 2. Let j be h(14). Let n = 2 + j. Let c(b) = 2*b + 4. Let i be c(n). What is the greatest common factor of 16 and i?
4
Let n be 2/4*2 + 496/4. Suppose 5*b = -5*x - 0*b + n, -2*b - 40 = -x. Suppose -k + 48 = -27. Calculate the highest common divisor of x and k.
15
Let z be (-477)/((-18)/2) - 10/2. Suppose 50*a = z*a + 20. Suppose 8*v - 3*v - 25 = 0. What is the greatest common factor of a and v?
5
Suppose 453*g = 456*g - 396. Let w = 140 - g. Calculate the highest common factor of w and 3.
1
Let y(x) = -189*x - 366. Let c be y(-6). Let h be c/30 + 2/5. Calculate the highest common divisor of 91 and h.
13
Let c(f) = -13*f**3 + f**2 + 3*f + 3. Suppose 0 = -o - 219 + 217. Let y be c(o). Calculate the greatest common divisor of y and 35.
35
Let d(i) = -5 - 47*i - i**3 + 10*i**2 - 34*i**2 - 4 - 13. Let r be d(-22). What is the greatest common factor of 4 and r?
4
Let x = -57 + 60. Suppose -20 = -f - 3*b, -3*b + 42 - 6 = x*f. Let i be (28/6 + -1)/(f/48). What is the greatest common factor of 154 and i?
22
Let s be (-9)/(((-2511)/144)/(-3) - 6). Calculate the highest common factor of s and 3504.
48
Suppose -5*r + 3*o = 2*o - 5, -r + 27 = 5*o. Let n be ((-1)/(2/4))/r*-83. Suppose -l = -106 - n. What is the greatest common divisor of l and 27?
27
Let y be 5 + 0 - (23/(-69))/((-10)/(-60)). What is the highest common factor of y and 2177?
7
Let k(f) = 9*f + 217. Let r(y) = y**3 - y**2 - 17*y - 8. Let g be r(0). Let o be k(g). What is the greatest common divisor of o and 29?
29
Suppose 67*d - 5259 = 14439. Calculate the highest common factor of d and 1323.
147
Let z be ((-3)/(15/(-110)))/(3/102). Let c be 38 - (-1 - -2 - 7). Calculate the greatest common divisor of c and z.
44
Suppose y = 8 + 6. Let b = -147 + 151. Let h be 12/b